{"id":1063,"date":"2024-04-02T15:20:25","date_gmt":"2024-04-02T13:20:25","guid":{"rendered":"https:\/\/linguablend.com\/?page_id=1063"},"modified":"2024-04-11T21:30:17","modified_gmt":"2024-04-11T19:30:17","slug":"sobre-mim","status":"publish","type":"page","link":"https:\/\/linguablend.com\/index.php\/sobre-mim\/","title":{"rendered":"Sobre mim"},"content":{"rendered":"\t\t<div data-elementor-type=\"wp-page\" data-elementor-id=\"1063\" class=\"elementor elementor-1063\" data-elementor-post-type=\"page\">\n\t\t\t\t\t\t<section class=\"elementor-section elementor-top-section elementor-element elementor-element-213cbaf elementor-section-height-min-height elementor-section-boxed elementor-section-height-default elementor-section-items-middle\" data-id=\"213cbaf\" data-element_type=\"section\" data-settings=\"{&quot;background_background&quot;:&quot;classic&quot;}\">\n\t\t\t\t\t\t<div class=\"elementor-container elementor-column-gap-default\">\n\t\t\t\t\t<div class=\"elementor-column elementor-col-100 elementor-top-column elementor-element elementor-element-379a237\" data-id=\"379a237\" data-element_type=\"column\" data-settings=\"{&quot;background_background&quot;:&quot;classic&quot;}\">\n\t\t\t<div class=\"elementor-widget-wrap elementor-element-populated\">\n\t\t\t\t\t\t<div class=\"elementor-element elementor-element-758c026e elementor-widget elementor-widget-heading\" data-id=\"758c026e\" data-element_type=\"widget\" data-widget_type=\"heading.default\">\n\t\t\t\t<div class=\"elementor-widget-container\">\n\t\t\t\t\t<h2 class=\"elementor-heading-title elementor-size-default\">Qual \u00e9 a sua viagem lingu\u00edstica?<\/h2>\t\t\t\t<\/div>\n\t\t\t\t<\/div>\n\t\t\t\t<div class=\"elementor-element elementor-element-8c041cf elementor-invisible elementor-widget elementor-widget-heading\" data-id=\"8c041cf\" data-element_type=\"widget\" data-settings=\"{&quot;_animation&quot;:&quot;fadeInDown&quot;}\" data-widget_type=\"heading.default\">\n\t\t\t\t<div class=\"elementor-widget-container\">\n\t\t\t\t\t<h2 class=\"elementor-heading-title elementor-size-default\">Te conto um pouco da minha\u2026<\/h2>\t\t\t\t<\/div>\n\t\t\t\t<\/div>\n\t\t\t\t\t<\/div>\n\t\t<\/div>\n\t\t\t\t\t<\/div>\n\t\t<\/section>\n\t\t<div class=\"elementor-element elementor-element-d7bd638 e-flex e-con-boxed e-con e-parent\" data-id=\"d7bd638\" data-element_type=\"container\">\n\t\t\t\t\t<div class=\"e-con-inner\">\n\t\t<div class=\"elementor-element elementor-element-56d6272 e-con-full e-flex e-con e-child\" data-id=\"56d6272\" data-element_type=\"container\">\n\t\t\t\t<\/div>\n\t\t<div class=\"elementor-element elementor-element-f84286f e-con-full e-flex e-con e-child\" data-id=\"f84286f\" data-element_type=\"container\">\n\t\t\t\t<div class=\"elementor-element elementor-element-cb32b1f elementor-widget elementor-widget-text-editor\" data-id=\"cb32b1f\" data-element_type=\"widget\" data-widget_type=\"text-editor.default\">\n\t\t\t\t<div class=\"elementor-widget-container\">\n\t\t\t\t\t\t\t\t\t<p><span style=\"font-weight: 400;\"><strong>Imagine isto:<\/strong> uma brasileira de uns 19 anos, impulsionada por uma mistura de confus\u00e3o e horm\u00f4nios jovens, se mudando de pa\u00eds em busca de novas aventuras, com pouca, ou nenhuma, no\u00e7\u00e3o do que estava fazendo. Sim, sou eu! Essa combina\u00e7\u00e3o de confus\u00e3o e curiosidade me colocou numa jornada de autodescoberta que me tirou do conforto da minha terra natal e me levou aos cen\u00e1rios, sons e idiomas de outras culturas.<\/span><\/p><p><span style=\"font-weight: 400;\">Londres foi minha primeira parada e meu lar doce lar por 15 anos. Assim que cheguei, o que de cara me chamou aten\u00e7\u00e3o foi aquela mistura louca de idiomas, sotaques, barulhos e culturas. Era como um jogo real de trava-l\u00ednguas, e eu achei isso simplesmente fascinante!<\/span><\/p><p><span style=\"font-weight: 400;\">Foi a\u00ed que iniciei minha jornada acad\u00eamica que culminou em uma licenciatura em Tradu\u00e7\u00e3o Aplicada, alimentando ainda mais minha paix\u00e3o pelos idiomas e lan\u00e7ando uma base s\u00f3lida para minha carreira docente que viria mais adiante.<\/span><\/p><p><span style=\"font-weight: 400;\">Depois de tantos anos da chuvosa Inglaterra, fui atra\u00edda pelo estilo de vida ensolarado da Espanha. Aqui, e de forma muito inesperada, a doc\u00eancia entrou na minha vida e L\u00edngua Blend come\u00e7ou a ganhar forma, embora eu n\u00e3o estivesse ciente disso naquele momento. O que come\u00e7ou com aulas informais a amigos e conhecidos, terminou em cursos de forma\u00e7\u00e3o de professores e trabalhos em diferentes programas (alguns como volunt\u00e1ria), o que n\u00e3o s\u00f3 moldou minha voca\u00e7\u00e3o e carreira, mas, principalmente, me conectou com pessoas de diferentes esferas da vida.<\/span><\/p><p><span style=\"font-weight: 400;\">Ao longo de ambos processos, tanto de aprendizado quanto de ensino de idiomas, duas coisas sempre se destacaram: as conex\u00f5es que fiz e os tantos mundos que descobri <span id=\"eL_1_texto\"><span class=\"FSG_erroSintatico\">por<\/span><\/span> interm\u00e9dio deles. Pra mim, o x da quest\u00e3o est\u00e1 na troca genu\u00edna que surge, trazendo uma perspectiva mais ampla sobre outras formas de pensar, de viver, e de compreender o mundo, o tempo e o espa\u00e7o. Portanto, quando voc\u00ea se aventurar em seu de aprendizado de idiomas, lembre-se de que cada palavra aprendida e cada conversa realizada abrem novas dimens\u00f5es do mundo. \u00c9 isso que os idiomas fizeram por mim. Espero que fa\u00e7am o mesmo por voc\u00ea.<\/span><\/p>\t\t\t\t\t\t\t\t<\/div>\n\t\t\t\t<\/div>\n\t\t\t\t<\/div>\n\t\t<div class=\"elementor-element elementor-element-d0b7eaf e-con-full e-flex e-con e-child\" data-id=\"d0b7eaf\" data-element_type=\"container\">\n\t\t\t\t<\/div>\n\t\t\t\t\t<\/div>\n\t\t\t\t<\/div>\n\t\t\t\t<section class=\"elementor-section elementor-top-section elementor-element elementor-element-df13b58 elementor-section-boxed elementor-section-height-default elementor-section-height-default\" data-id=\"df13b58\" data-element_type=\"section\" data-settings=\"{&quot;background_background&quot;:&quot;classic&quot;,&quot;motion_fx_motion_fx_scrolling&quot;:&quot;yes&quot;,&quot;motion_fx_opacity_effect&quot;:&quot;yes&quot;,&quot;motion_fx_opacity_range&quot;:{&quot;unit&quot;:&quot;%&quot;,&quot;size&quot;:&quot;&quot;,&quot;sizes&quot;:{&quot;start&quot;:21,&quot;end&quot;:44}},&quot;motion_fx_opacity_direction&quot;:&quot;out-in&quot;,&quot;motion_fx_opacity_level&quot;:{&quot;unit&quot;:&quot;px&quot;,&quot;size&quot;:10,&quot;sizes&quot;:[]},&quot;motion_fx_devices&quot;:[&quot;desktop&quot;,&quot;tablet&quot;,&quot;mobile&quot;]}\">\n\t\t\t\t\t\t<div class=\"elementor-container elementor-column-gap-default\">\n\t\t\t\t\t<div class=\"elementor-column elementor-col-100 elementor-top-column elementor-element elementor-element-e7c9d0c\" data-id=\"e7c9d0c\" data-element_type=\"column\" data-settings=\"{&quot;background_background&quot;:&quot;gradient&quot;}\">\n\t\t\t<div class=\"elementor-widget-wrap elementor-element-populated\">\n\t\t\t\t<div class=\"elementor-element elementor-element-2be9e7f e-flex e-con-boxed e-con e-parent\" data-id=\"2be9e7f\" data-element_type=\"container\" data-settings=\"{&quot;background_background&quot;:&quot;classic&quot;}\">\n\t\t\t\t\t<div class=\"e-con-inner\">\n\t\t<div class=\"elementor-element elementor-element-44df1d1 e-con-full e-flex e-con e-child\" data-id=\"44df1d1\" data-element_type=\"container\">\n\t\t\t\t<div class=\"elementor-element elementor-element-f32f7be elementor-widget elementor-widget-image\" data-id=\"f32f7be\" data-element_type=\"widget\" data-widget_type=\"image.default\">\n\t\t\t\t<div class=\"elementor-widget-container\">\n\t\t\t\t\t\t\t\t\t\t\t\t\t\t\t<img fetchpriority=\"high\" decoding=\"async\" width=\"831\" height=\"1024\" src=\"https:\/\/linguablend.com\/wp-content\/uploads\/2024\/03\/Laura-Lima-Profesora-de-ingles-y-portugeus-2-831x1024.jpg\" class=\"attachment-large size-large wp-image-726\" alt=\"\" srcset=\"https:\/\/linguablend.com\/wp-content\/uploads\/2024\/03\/Laura-Lima-Profesora-de-ingles-y-portugeus-2-831x1024.jpg 831w, https:\/\/linguablend.com\/wp-content\/uploads\/2024\/03\/Laura-Lima-Profesora-de-ingles-y-portugeus-2-244x300.jpg 244w, https:\/\/linguablend.com\/wp-content\/uploads\/2024\/03\/Laura-Lima-Profesora-de-ingles-y-portugeus-2-768x946.jpg 768w, https:\/\/linguablend.com\/wp-content\/uploads\/2024\/03\/Laura-Lima-Profesora-de-ingles-y-portugeus-2.jpg 1242w\" sizes=\"(max-width: 831px) 100vw, 831px\" \/>\t\t\t\t\t\t\t\t\t\t\t\t\t\t\t<\/div>\n\t\t\t\t<\/div>\n\t\t\t\t<\/div>\n\t\t<div class=\"elementor-element elementor-element-0fec444 e-flex e-con-boxed e-con e-child\" data-id=\"0fec444\" data-element_type=\"container\">\n\t\t\t\t\t<div class=\"e-con-inner\">\n\t\t\t\t<div class=\"elementor-element elementor-element-f60a138 elementor-headline--style-rotate elementor-widget elementor-widget-animated-headline\" data-id=\"f60a138\" data-element_type=\"widget\" data-settings=\"{&quot;headline_style&quot;:&quot;rotate&quot;,&quot;animation_type&quot;:&quot;slide-down&quot;,&quot;rotating_text&quot;:&quot;L\\u00edngua Blend!&quot;,&quot;rotate_iteration_delay&quot;:2500}\" data-widget_type=\"animated-headline.default\">\n\t\t\t\t<div class=\"elementor-widget-container\">\n\t\t\t\t\t\t\t<h3 class=\"elementor-headline elementor-headline-animation-type-slide-down\">\n\t\t\t\t\t<span class=\"elementor-headline-plain-text elementor-headline-text-wrapper\">E assim nasceu<\/span>\n\t\t\t\t<span class=\"elementor-headline-dynamic-wrapper elementor-headline-text-wrapper\">\n\t\t\t\t\t<span class=\"elementor-headline-dynamic-text elementor-headline-text-active\">\n\t\t\t\tL\u00edngua&nbsp;Blend!\t\t\t<\/span>\n\t\t\t\t\t\t<\/span>\n\t\t\t\t<\/h3>\n\t\t\t\t\t\t<\/div>\n\t\t\t\t<\/div>\n\t\t\t\t<div class=\"elementor-element elementor-element-aff7ffb elementor-widget elementor-widget-text-editor\" data-id=\"aff7ffb\" data-element_type=\"widget\" data-widget_type=\"text-editor.default\">\n\t\t\t\t<div class=\"elementor-widget-container\">\n\t\t\t\t\t\t\t\t\t<p><span style=\"font-weight: 400;\">Pelo que te contei anteriormente, j\u00e1 deu pra perceber perceber que minha hist\u00f3ria reflete a pr\u00f3pria ess\u00eancia da L\u00edngua Blend e estou super empolgada em poder trazer esse esp\u00edrito e expertise atrav\u00e9s dela. Aqui, todos os \u201csabores\u201d (doces ou amargos) das minhas experi\u00eancias foram combinados em uma mistura \u00fanica de aprendizado e explora\u00e7\u00e3o de idiomas. <\/span><\/p><p><strong>Com L\u00edngua Blend, voc\u00ea encontrar\u00e1 um ambiente din\u00e2mico e de apoio onde poder\u00e1 melhorar suas habilidades lingu\u00edsticas para viajar, trabalhar ou para outros fins espec\u00edficos.<\/strong><\/p>\t\t\t\t\t\t\t\t<\/div>\n\t\t\t\t<\/div>\n\t\t\t\t\t<\/div>\n\t\t\t\t<\/div>\n\t\t\t\t\t<\/div>\n\t\t\t\t<\/div>\n\t\t\t\t\t<\/div>\n\t\t<\/div>\n\t\t\t\t\t<\/div>\n\t\t<\/section>\n\t\t\t\t<section class=\"elementor-section elementor-top-section elementor-element elementor-element-f1dc463 elementor-section-boxed elementor-section-height-default elementor-section-height-default\" data-id=\"f1dc463\" data-element_type=\"section\" data-settings=\"{&quot;background_background&quot;:&quot;classic&quot;}\">\n\t\t\t\t\t\t<div class=\"elementor-container elementor-column-gap-default\">\n\t\t\t\t\t<div class=\"elementor-column elementor-col-100 elementor-top-column elementor-element elementor-element-5df7e24\" data-id=\"5df7e24\" data-element_type=\"column\" data-settings=\"{&quot;background_background&quot;:&quot;classic&quot;}\">\n\t\t\t<div class=\"elementor-widget-wrap elementor-element-populated\">\n\t\t\t\t\t\t<div class=\"elementor-element elementor-element-4bb7bc5 elementor-testimonial--align-left elementor-testimonial--skin-default elementor-testimonial--layout-image_inline elementor-arrows-yes elementor-pagination-type-bullets elementor-widget elementor-widget-testimonial-carousel\" data-id=\"4bb7bc5\" data-element_type=\"widget\" data-settings=\"{&quot;show_arrows&quot;:&quot;yes&quot;,&quot;pagination&quot;:&quot;bullets&quot;,&quot;speed&quot;:500,&quot;autoplay&quot;:&quot;yes&quot;,&quot;autoplay_speed&quot;:5000,&quot;loop&quot;:&quot;yes&quot;,&quot;pause_on_hover&quot;:&quot;yes&quot;,&quot;pause_on_interaction&quot;:&quot;yes&quot;,&quot;space_between&quot;:{&quot;unit&quot;:&quot;px&quot;,&quot;size&quot;:10,&quot;sizes&quot;:[]},&quot;space_between_tablet&quot;:{&quot;unit&quot;:&quot;px&quot;,&quot;size&quot;:10,&quot;sizes&quot;:[]},&quot;space_between_mobile&quot;:{&quot;unit&quot;:&quot;px&quot;,&quot;size&quot;:10,&quot;sizes&quot;:[]}}\" data-widget_type=\"testimonial-carousel.default\">\n\t\t\t\t<div class=\"elementor-widget-container\">\n\t\t\t\t\t\t\t<div class=\"elementor-swiper\">\n\t\t\t<div class=\"elementor-main-swiper swiper\">\n\t\t\t\t<div class=\"swiper-wrapper\">\n\t\t\t\t\t\t\t\t\t\t\t<div class=\"swiper-slide\">\n\t\t\t\t\t\t\t\t\t<div class=\"elementor-testimonial\">\n\t\t\t\t\t\t\t<div class=\"elementor-testimonial__content\">\n\t\t\t\t\t<div class=\"elementor-testimonial__text\">\n\t\t\t\t\t\tEu acredito, e defendo firmemente, que um idioma n\u00e3o \u00e9 apenas uma ferramenta de comunica\u00e7\u00e3o, mas, principalmente, um reflexo da identidade, dos valores e tradi\u00e7\u00f5es de uma comunidade, e isso \u00e9 simplesmente fascinante!\t\t\t\t\t<\/div>\n\t\t\t\t\t\t\t\t\t<\/div>\n\t\t\t\t\t\t<div class=\"elementor-testimonial__footer\">\n\t\t\t\t\t\t\t\t\t<div class=\"elementor-testimonial__image\">\n\t\t\t\t\t\t<img decoding=\"async\" src=\"https:\/\/linguablend.com\/wp-content\/uploads\/2024\/03\/Laura-Lima-Profesora-de-ingles-y-portugeus-4.jpg\" alt=\"Laura Lima\">\n\t\t\t\t\t\t\t\t\t\t\t<\/div>\n\t\t\t\t\t\t\t\t<cite class=\"elementor-testimonial__cite\"><span class=\"elementor-testimonial__name\">Laura Lima<\/span><span class=\"elementor-testimonial__title\">Fundadora e professora<\/span><\/cite>\t\t\t<\/div>\n\t\t<\/div>\n\t\t\t\t\t\t\t\t<\/div>\n\t\t\t\t\t\t\t\t\t<\/div>\n\t\t\t\t\t\t\t<\/div>\n\t\t<\/div>\n\t\t\t\t\t\t<\/div>\n\t\t\t\t<\/div>\n\t\t\t\t\t<\/div>\n\t\t<\/div>\n\t\t\t\t\t<\/div>\n\t\t<\/section>\n\t\t\t\t<\/div>\n\t\t","protected":false},"excerpt":{"rendered":"<p>Qual \u00e9 a sua viagem lingu\u00edstica? Te conto um pouco da minha\u2026 Imagine isto: uma brasileira de uns 19 anos, [&hellip;]<\/p>\n","protected":false},"author":1,"featured_media":0,"parent":0,"menu_order":0,"comment_status":"closed","ping_status":"closed","template":"","meta":{"site-sidebar-layout":"no-sidebar","site-content-layout":"","ast-site-content-layout":"full-width-container","site-content-style":"default","site-sidebar-style":"default","ast-global-header-display":"","ast-banner-title-visibility":"","ast-main-header-display":"","ast-hfb-above-header-display":"","ast-hfb-below-header-display":"","ast-hfb-mobile-header-display":"","site-post-title":"disabled","ast-breadcrumbs-content":"","ast-featured-img":"disabled","footer-sml-layout":"","theme-transparent-header-meta":"","adv-header-id-meta":"","stick-header-meta":"","header-above-stick-meta":"","header-main-stick-meta":"","header-below-stick-meta":"","astra-migrate-meta-layouts":"default","ast-page-background-enabled":"default","ast-page-background-meta":{"desktop":{"background-color":"var(--ast-global-color-4)","background-image":"","background-repeat":"repeat","background-position":"center center","background-size":"auto","background-attachment":"scroll","background-type":"","background-media":"","overlay-type":"","overlay-color":"","overlay-gradient":""},"tablet":{"background-color":"","background-image":"","background-repeat":"repeat","background-position":"center center","background-size":"auto","background-attachment":"scroll","background-type":"","background-media":"","overlay-type":"","overlay-color":"","overlay-gradient":""},"mobile":{"background-color":"","background-image":"","background-repeat":"repeat","background-position":"center center","background-size":"auto","background-attachment":"scroll","background-type":"","background-media":"","overlay-type":"","overlay-color":"","overlay-gradient":""}},"ast-content-background-meta":{"desktop":{"background-color":"var(--ast-global-color-5)","background-image":"","background-repeat":"repeat","background-position":"center center","background-size":"auto","background-attachment":"scroll","background-type":"","background-media":"","overlay-type":"","overlay-color":"","overlay-gradient":""},"tablet":{"background-color":"var(--ast-global-color-5)","background-image":"","background-repeat":"repeat","background-position":"center center","background-size":"auto","background-attachment":"scroll","background-type":"","background-media":"","overlay-type":"","overlay-color":"","overlay-gradient":""},"mobile":{"background-color":"var(--ast-global-color-5)","background-image":"","background-repeat":"repeat","background-position":"center center","background-size":"auto","background-attachment":"scroll","background-type":"","background-media":"","overlay-type":"","overlay-color":"","overlay-gradient":""}},"footnotes":""},"_links":{"self":[{"href":"https:\/\/linguablend.com\/index.php\/wp-json\/wp\/v2\/pages\/1063"}],"collection":[{"href":"https:\/\/linguablend.com\/index.php\/wp-json\/wp\/v2\/pages"}],"about":[{"href":"https:\/\/linguablend.com\/index.php\/wp-json\/wp\/v2\/types\/page"}],"author":[{"embeddable":true,"href":"https:\/\/linguablend.com\/index.php\/wp-json\/wp\/v2\/users\/1"}],"replies":[{"embeddable":true,"href":"https:\/\/linguablend.com\/index.php\/wp-json\/wp\/v2\/comments?post=1063"}],"version-history":[{"count":8,"href":"https:\/\/linguablend.com\/index.php\/wp-json\/wp\/v2\/pages\/1063\/revisions"}],"predecessor-version":[{"id":1246,"href":"https:\/\/linguablend.com\/index.php\/wp-json\/wp\/v2\/pages\/1063\/revisions\/1246"}],"wp:attachment":[{"href":"https:\/\/linguablend.com\/index.php\/wp-json\/wp\/v2\/media?parent=1063"}],"curies":[{"name":"wp","href":"https:\/\/api.w.org\/{rel}","templated":true}]}}